103. What is the highest common factor of x and d?
17
Suppose 0 = 3*g - 3. Let w(q) = -2*q - 50. Let c be w(-25). Let l be g/((-1)/(-14))*(c + 5). Calculate the greatest common factor of l and 35.
35
Let b = 209 + -197. Let t(f) = -f**2 + 21*f - 91. Let v be t(b). Calculate the greatest common factor of 34 and v.
17
Let q = 34 - 36. Let c(l) = -l**3 - 2*l**2 - 3*l - 4. Let r be c(q). Suppose 0 = r*i - 14 - 6. Calculate the greatest common factor of 50 and i.
10
Let q(j) = 1174*j - 4978. Let m be q(7). What is the greatest common divisor of m and 1512?
216
Let j(r) = 113*r - 135. Let l be j(2). Suppose -5*p + 84 = 14. Calculate the highest common factor of p and l.
7
Let f = -17861 - -19333. Calculate the highest common factor of f and 704.
64
Suppose -471*d + 932*d = 464*d - 72. Calculate the highest common factor of 321 and d.
3
Let d be 6*(-5 + 71/3). Suppose 0 = -3*p + 3*k + 510, -15*p = -14*p - 2*k - 172. Calculate the greatest common divisor of d and p.
56
Let m(w) = 30*w - 254. Let i be m(9). What is the greatest common factor of i and 11256?
8
Suppose -51 = -343*a + 172*a + 154*a. Let w = -5 + 38. Calculate the highest common divisor of w and a.
3
Let a be (-18)/(-21)*1*(-231)/11. Let o(t) = t**3 + 17*t**2 - 39*t - 36. Let n be o(a). What is the greatest common divisor of 18 and n?
18
Let f(r) = r**3 + 27*r**2 + 30*r + 104. Let x be f(-26). Let v(t) = -t**2 - 4*t + 74. Let s be v(x). Calculate the highest common divisor of s and 518.
74
Suppose -3*n + 42 = 18*n. Let d be (n + (-14)/4)*(-384)/72. Calculate the greatest common factor of 344 and d.
8
Let z be (-42 - 52)*(-18)/4. Let y = 822 - z. Calculate the greatest common factor of 57 and y.
57
Let q = 16629 - 15801. Calculate the highest common factor of q and 21804.
276
Suppose -5*v - 15 = -5*m, -2*v - 96*m + 42 = -92*m. What is the greatest common divisor of v and 7135?
5
Suppose 0 = 4*b - 2*b - 6. Suppose 2*h + 4*x - 23 = -h, 0 = b*x - 6. Let v be -7*(2 - 3) + -2. What is the greatest common factor of h and v?
5
Let x = 147 - 145. Suppose x*w = -6, -w + 2*w = 2*f - 49. Calculate the highest common factor of 184 and f.
23
Let x be (-18)/(3 - 9)*4. Let w be -1 + 146/x + 2/(-12). What is the highest common factor of w and 33?
11
Let b be (-15)/((-10)/(5 - (-5 - 2))). Let r(c) = 16*c - 1. Let v be r(4). What is the highest common divisor of v and b?
9
Let x(g) = -4*g + 8*g - 3*g + 7. Let j be x(-3). Let m(k) = -k**3 + 5*k**2 - 2*k - 4. Let o be m(j). Calculate the greatest common factor of o and 36.
4
Suppose -3*p + 12482 = -7*v + 9*v, v + 20799 = 5*p. Suppose -4*s = 22*s - p. Calculate the highest common factor of 40 and s.
40
Suppose 5*m + 936*y - 38401 = 935*y, 0 = -5*m - 4*y + 38404. Calculate the greatest common factor of m and 60.
60
Suppose 12 - 70 = -38*s + 322. Calculate the greatest common factor of s and 1565.
5
Let t(h) = -13*h**3 - 194*h**2 + 10*h - 20. Let z be t(-15). What is the greatest common factor of z and 2365?
55
Suppose -j = 2*b, 8*j = -2*b + 3*j. Suppose b = -3*k + 5*w + 453, 0*k + 2*k - 306 = 2*w. Calculate the greatest common factor of 12 and k.
12
Let q(k) = 0*k + 5*k - 109 + 146 + 10*k**2. Let f be q(-3). Calculate the greatest common divisor of f and 336.
112
Let q = 7946 - 7673. What is the greatest common factor of q and 2613?
39
Let l(b) = -58*b + 55 + 7 - 18. Let x be l(-10). Suppose s + 11*s = x. What is the highest common factor of 13 and s?
13
Suppose 0 = -5*n - 265 - 320. Suppose -440 = 4*d - 0*d. Let t = d - n. Calculate the greatest common divisor of 77 and t.
7
Let r be ((-8)/((-16)/(-6)))/(-1). Suppose 9*n = -r*n + 5280. Suppose 5*p - p = n. What is the highest common divisor of 22 and p?
22
Let l = 6811 - 6252. Calculate the greatest common factor of 430 and l.
43
Let w(n) = -n**3 + 68*n**2 + 153*n - 590. Let l be w(70). Calculate the greatest common divisor of l and 680.
40
Suppose -2*a - 1381 = -5*w, 3*a = -87*w + 82*w + 1366. Calculate the greatest common divisor of w and 75.
25
Let a be (-11)/((-66)/24) + 1. Suppose 2*k = -a - 1, -37 = -4*n + 3*k. Calculate the highest common divisor of n and 77.
7
Let z be ((-44)/(-12) + -4)*-87. Let g be (-285)/(0 - 5) + (2 - 1). What is the greatest common factor of z and g?
29
Let f(d) = 2*d**3 + 15*d**2 + 22*d - 25. Let i be f(8). What is the greatest common divisor of i and 35?
35
Let m(p) = 51*p + 654. Let c be m(-7). What is the highest common factor of 243 and c?
27
Suppose 44 + 376 = -112*a + 124*a. What is the greatest common divisor of a and 185?
5
Let v be (-424)/(-14) - (-4 + 240/56). Let u = 1012 - 337. Calculate the highest common factor of u and v.
15
Suppose 12*d = 8*d + 16. Let q be 472/24 + d/3. Let h be (q/2)/(-7)*-4. What is the highest common divisor of 9 and h?
3
Suppose 116*q - 147*q = -5301. Suppose 4*n = 39 - 3. Calculate the greatest common factor of q and n.
9
Suppose -7*a - 2679 = -3688 - 3716. Calculate the highest common factor of a and 350.
25
Suppose 0 = b - w - 46, -4*b + 184 = -0*w - w. Suppose 3*s + s + 5*k = -565, -665 = 5*s - 2*k. Let f = 204 + s. What is the highest common divisor of f and b?
23
Let s = 586 + -572. Suppose -5*l + 4*v + 715 = 0, -v + 25 = 4*v. Calculate the greatest common factor of s and l.
7
Let p(t) = -5*t**3 - 19*t**2 - 73*t - 20. Let i be p(-7). Calculate the greatest common factor of i and 153.
51
Let n = -13607 - -13775. Suppose 172 = -3*r + 508. What is the greatest common factor of n and r?
56
Suppose -6*w + 90 = 36. Let x(y) = 13*y - 61. Let a be x(w). Calculate the greatest common divisor of 126 and a.
14
Let n(j) = 4*j + 2. Let r be n(0). Let y be -4 + (-3017)/91 + r/13. Let c = y + 57. What is the highest common factor of 180 and c?
20
Let t = 3 + 6. Let h be 3/18*(131 + -41). What is the highest common divisor of t and h?
3
Suppose 0 = 3*b - 33. Suppose -15 = -16*x + b*x. Let k(r) = 15*r - 15. Let g be k(x). Calculate the greatest common factor of g and 45.
15
Suppose -34 + 4 = u. Let h = -25 - u. Suppose 0 = 7*x - 139 - 36. Calculate the greatest common factor of x and h.
5
Let x be (-16)/3*18/(-4). Let p = 8710 + -8542. What is the greatest common divisor of p and x?
24
Let u be ((-39200)/(-1715))/(4/5222). What is the greatest common divisor of u and 80?
80
Let h(i) = 35*i + 232. Let w = 269 + -275. Let b be h(w). What is the greatest common factor of 649 and b?
11
Let c(q) = 3*q**2 - 87*q + 348. Let w be c(26). What is the highest common factor of w and 3401?
19
Suppose 226 = 3*o + 73. Suppose -k - 7 = 4*m + 7, o = -3*k - 3*m. Let x be (k/(-21))/(1/42). What is the highest common divisor of x and 4?
4
Suppose -2*b - 551 = 5*v, -5*v - 561 = 2*b - 2*v. Let l = b + 435. What is the highest common divisor of 14 and l?
7
Let d(s) = 0*s + 4*s + 4 - 5*s + 4*s**2 + 4*s. Let l be d(-3). Suppose -12*j - 49 + 813 = 20. Calculate the greatest common divisor of l and j.
31
Suppose 5*u + 5*k - 840 = 0, -7*k + 5*k + 509 = 3*u. Suppose -u + 1148 = 5*b. Calculate the highest common factor of b and 75.
15
Let z = -31028 + 38428. Calculate the highest common divisor of 1400 and z.
200
Let b(w) = -w + 16. Let k = -167 + 174. Let i be b(k). What is the greatest common divisor of i and 72?
9
Let t(y) = -y**3 - 3*y**2 - 10*y - 28. Let f be t(-6). Let r be (-77)/(-21) + 1/3. Suppose a + r*a = 100. Calculate the highest common factor of f and a.
20
Let v be (15/2)/((-1)/(-2)). Suppose -3*w + 4*t + 895 = 0, 5*w - 307 = -5*t + 1243. Let q = -245 + w. Calculate the greatest common factor of q and v.
15
Suppose -85415 + 85604 = 21*p. Calculate the highest common factor of 131 and p.
1
Let d be 1/(-4 + 57/15). Let y(z) = -z + 1. Let w be y(d). Let p be (2/w)/(3/18). What is the highest common factor of 22 and p?
2
Let h = -12219 + 12427. Calculate the highest common divisor of 1534 and h.
26
Let o(f) = 8*f**2 + 9*f - 495 + f**3 + 495. Let n be o(-6). Suppose -2*l = 2 + 2, l + 4 = j. What is the greatest common factor of j and n?
2
Let j(y) = -10*y**2 + 6 + y**3 + 11*y + 4*y**2 - 24*y. Let f be j(8). What is the highest common divisor of f and 270?
30
Let b = -381 - -653. Suppose -6*k + b - 110 = 0. What is the greatest common divisor of k and 18?
9
Suppose -18*i - 422 = -3964 - 1138. What is the greatest common divisor of 585 and i?
65
Let x = -162 - -83. Let 